{"id":814,"date":"2020-11-06T20:55:47","date_gmt":"2020-11-06T20:55:47","guid":{"rendered":"http:\/\/local76000.ca\/?page_id=814"},"modified":"2020-11-06T21:26:56","modified_gmt":"2020-11-06T21:26:56","slug":"candidate-profile-communications-officer","status":"publish","type":"page","link":"https:\/\/local76000.ca\/fr\/executive-team\/candidate-profile-communications-officer\/","title":{"rendered":"Agent(e) de communication"},"content":{"rendered":"<ul>\n<li data-leveltext=\"-\" data-font=\"Calibri\" data-listid=\"5\" aria-setsize=\"-1\" data-aria-posinset=\"11\" data-aria-level=\"1\"><span data-contrast=\"auto\">D\u00e9veloppe, soutient et <\/span><span data-contrast=\"auto\">fait la promotion des <\/span><span data-contrast=\"auto\">objectifs et <\/span><span data-contrast=\"auto\">d<\/span><span data-contrast=\"auto\">es initiatives de la section locale, y compris le d\u00e9veloppement de messages et <\/span><span data-contrast=\"auto\">leur <\/span><span data-contrast=\"auto\">affichage r\u00e9gulier <\/span><span data-contrast=\"auto\">pour les membres de la section locale;\u00a0<\/span><span data-ccp-props=\"{&quot;134233279&quot;:true,&quot;201341983&quot;:0,&quot;335559739&quot;:160,&quot;335559740&quot;:259}\">\u00a0<\/span><\/li>\n<li data-leveltext=\"-\" data-font=\"Calibri\" data-listid=\"5\" aria-setsize=\"-1\" data-aria-posinset=\"11\" data-aria-level=\"1\"><span data-contrast=\"auto\">Recueille et transmet les besoins et les demandes <\/span><span data-contrast=\"auto\">des membres \u00e0 Ottawa et dans les bureaux r\u00e9gionaux;<\/span><span data-ccp-props=\"{&quot;134233279&quot;:true,&quot;201341983&quot;:0,&quot;335559739&quot;:160,&quot;335559740&quot;:259}\">\u00a0<\/span><\/li>\n<li data-leveltext=\"-\" data-font=\"Calibri\" data-listid=\"5\" aria-setsize=\"-1\" data-aria-posinset=\"11\" data-aria-level=\"1\"><span data-contrast=\"auto\">\u00c9labore et diffuse du mat\u00e9riel de relations publiques <\/span><span data-contrast=\"auto\">du syndicat pour <\/span><span data-contrast=\"auto\">augmente<\/span><span data-contrast=\"auto\">r<\/span><span data-contrast=\"auto\"> notre visibilit\u00e9 aupr\u00e8s de nos membres;<\/span><span data-ccp-props=\"{&quot;134233279&quot;:true,&quot;201341983&quot;:0,&quot;335559739&quot;:160,&quot;335559740&quot;:259}\">\u00a0<\/span><\/li>\n<li data-leveltext=\"-\" data-font=\"Calibri\" data-listid=\"5\" aria-setsize=\"-1\" data-aria-posinset=\"11\" data-aria-level=\"1\"><span data-contrast=\"auto\">Travaille en \u00e9troite collaboration avec le Comit\u00e9 ex\u00e9cutif, le R\u00e9seau <\/span><span data-contrast=\"auto\">de d\u00e9l\u00e9gu\u00e9es ou d\u00e9l\u00e9gu\u00e9s syndicaux, et le personnel de l&#8217;A.F.P.C. <\/span><span data-contrast=\"auto\">pour d\u00e9velopper et renforcer les activit\u00e9s d\u2019engagement des employ\u00e9s.<\/span><span data-ccp-props=\"{&quot;134233279&quot;:true,&quot;201341983&quot;:0,&quot;335559739&quot;:160,&quot;335559740&quot;:259}\">\u00a0<\/span><\/li>\n<\/ul>\n","protected":false},"excerpt":{"rendered":"<p>D\u00e9veloppe, soutient et fait la promotion des objectifs et des initiatives de la section locale, y compris le d\u00e9veloppement de messages et leur affichage r\u00e9gulier pour les membres de la section locale;\u00a0\u00a0 Recueille et transmet les besoins et les demandes des membres \u00e0 Ottawa et dans les bureaux r\u00e9gionaux;\u00a0 \u00c9labore et diffuse du mat\u00e9riel de &hellip; <a href=\"https:\/\/local76000.ca\/fr\/executive-team\/candidate-profile-communications-officer\/\" class=\"more-link\">Continue reading<span class=\"screen-reader-text\"> &#8220;Agent(e) de communication&#8221;<\/span><\/a><\/p>\n","protected":false},"author":1,"featured_media":0,"parent":51,"menu_order":0,"comment_status":"closed","ping_status":"closed","template":"","meta":{"pagelayer_contact_templates":[],"_pagelayer_content":"","footnotes":""},"class_list":["post-814","page","type-page","status-publish","hentry"],"translation":{"provider":"WPGlobus","version":"3.0.2","language":"fr","enabled_languages":["en","fr"],"languages":{"en":{"title":true,"content":true,"excerpt":false},"fr":{"title":true,"content":true,"excerpt":false}}},"_links":{"self":[{"href":"https:\/\/local76000.ca\/fr\/wp-json\/wp\/v2\/pages\/814","targetHints":{"allow":["GET"]}}],"collection":[{"href":"https:\/\/local76000.ca\/fr\/wp-json\/wp\/v2\/pages"}],"about":[{"href":"https:\/\/local76000.ca\/fr\/wp-json\/wp\/v2\/types\/page"}],"author":[{"embeddable":true,"href":"https:\/\/local76000.ca\/fr\/wp-json\/wp\/v2\/users\/1"}],"replies":[{"embeddable":true,"href":"https:\/\/local76000.ca\/fr\/wp-json\/wp\/v2\/comments?post=814"}],"version-history":[{"count":4,"href":"https:\/\/local76000.ca\/fr\/wp-json\/wp\/v2\/pages\/814\/revisions"}],"predecessor-version":[{"id":838,"href":"https:\/\/local76000.ca\/fr\/wp-json\/wp\/v2\/pages\/814\/revisions\/838"}],"up":[{"embeddable":true,"href":"https:\/\/local76000.ca\/fr\/wp-json\/wp\/v2\/pages\/51"}],"wp:attachment":[{"href":"https:\/\/local76000.ca\/fr\/wp-json\/wp\/v2\/media?parent=814"}],"curies":[{"name":"wp","href":"https:\/\/api.w.org\/{rel}","templated":true}]}}

<ul>
<li data-leveltext="-" data-font="Calibri" data-listid="5" aria-setsize="-1" data-aria-posinset="11" data-aria-level="1"><span data-contrast="auto">Développe, soutient et </span><span data-contrast="auto">fait la promotion des </span><span data-contrast="auto">objectifs et </span><span data-contrast="auto">d</span><span data-contrast="auto">es initiatives de la section locale, y compris le développement de messages et </span><span data-contrast="auto">leur </span><span data-contrast="auto">affichage régulier </span><span data-contrast="auto">pour les membres de la section locale; </span><span data-ccp-props="{&quot;134233279&quot;:true,&quot;201341983&quot;:0,&quot;335559739&quot;:160,&quot;335559740&quot;:259}"> </span></li>
<li data-leveltext="-" data-font="Calibri" data-listid="5" aria-setsize="-1" data-aria-posinset="11" data-aria-level="1"><span data-contrast="auto">Recueille et transmet les besoins et les demandes </span><span data-contrast="auto">des membres à Ottawa et dans les bureaux régionaux;</span><span data-ccp-props="{&quot;134233279&quot;:true,&quot;201341983&quot;:0,&quot;335559739&quot;:160,&quot;335559740&quot;:259}"> </span></li>
<li data-leveltext="-" data-font="Calibri" data-listid="5" aria-setsize="-1" data-aria-posinset="11" data-aria-level="1"><span data-contrast="auto">Élabore et diffuse du matériel de relations publiques </span><span data-contrast="auto">du syndicat pour </span><span data-contrast="auto">augmente</span><span data-contrast="auto">r</span><span data-contrast="auto"> notre visibilité auprès de nos membres;</span><span data-ccp-props="{&quot;134233279&quot;:true,&quot;201341983&quot;:0,&quot;335559739&quot;:160,&quot;335559740&quot;:259}"> </span></li>
<li data-leveltext="-" data-font="Calibri" data-listid="5" aria-setsize="-1" data-aria-posinset="11" data-aria-level="1"><span data-contrast="auto">Travaille en étroite collaboration avec le Comité exécutif, le Réseau </span><span data-contrast="auto">de déléguées ou délégués syndicaux, et le personnel de l&#8217;A.F.P.C. </span><span data-contrast="auto">pour développer et renforcer les activités d’engagement des employés.</span><span data-ccp-props="{&quot;134233279&quot;:true,&quot;201341983&quot;:0,&quot;335559739&quot;:160,&quot;335559740&quot;:259}"> </span></li>
</ul>

<p>Développe, soutient et fait la promotion des objectifs et des initiatives de la section locale, y compris le développement de messages et leur affichage régulier pour les membres de la section locale;   Recueille et transmet les besoins et les demandes des membres à Ottawa et dans les bureaux régionaux;  Élabore et diffuse du matériel de &hellip; <a href="https://local76000.ca/fr/executive-team/candidate-profile-communications-officer/" class="more-link">Continue reading<span class="screen-reader-text"> &#8220;Agent(e) de communication&#8221;</span></a></p>
