{"id":810,"date":"2020-11-06T00:28:07","date_gmt":"2020-11-06T00:28:07","guid":{"rendered":"http:\/\/local76000.ca\/?page_id=810"},"modified":"2020-11-26T01:37:26","modified_gmt":"2020-11-26T01:37:26","slug":"announcement-of-the-2020-annual-general-meeting-with-election-of-executive-positions","status":"publish","type":"page","link":"https:\/\/local76000.ca\/fr\/announcement-of-the-2020-annual-general-meeting-with-election-of-executive-positions\/","title":{"rendered":"Avis concernant l\u2019Assembl\u00e9e g\u00e9n\u00e9rale annuelle 2020 et les \u00e9lections des postes de l\u2019ex\u00e9cutif"},"content":{"rendered":"<div>\n<p><strong>Date:<\/strong>\u00a026 novembre 2020 <strong>Heure:<\/strong> 9 h 30 <strong>Lieu:<\/strong> Internet (un lien sera envoy\u00e9)<\/p>\n<\/div>\n<div>\n<p>Le personnel du CRDI affili\u00e9 \u00e0 l&#8217;Alliance de la Fonction publique du Canada (AFPC) est convi\u00e9 \u00e0 une Assembl\u00e9e g\u00e9n\u00e9rale annuelle (AGA) de la section locale\u00a076000.<\/p>\n<\/div>\n<div>\n<p><strong>Ordre du jour propos\u00e9\u00a0<\/strong><\/p>\n<\/div>\n<div>\n<ol>\n<li>Approbation du <a href=\"http:\/\/local76000.ca\/wp-content\/uploads\/2020\/11\/AGM-2019-minutes_FR.pdf\">proc\u00e8s-verbal de l&#8217;Assembl\u00e9e g\u00e9n\u00e9rale du 7 mars 2019<\/a><\/li>\n<li>Pr\u00e9sentation du <a href=\"http:\/\/local76000.ca\/wp-content\/uploads\/2020\/11\/LOCAL-76000-Annual-Financial-Report-2020-2021.pdf\">rapport financier<\/a> et du <a href=\"http:\/\/local76000.ca\/wp-content\/uploads\/2020\/11\/REPORT_DCL76000-2019_2020-Annual_FR.pdf\">rapport de l\u2019ex\u00e9cutif<\/a> \u00e0 l&#8217;approbation des membres<\/li>\n<li>Vote des membres sur <a href=\"http:\/\/local76000.ca\/wp-content\/uploads\/2020\/11\/MotionsForAGM2020.pdf\">les motions<\/a><\/li>\n<li>\u00c9lection de postes ouverts de l\u2019ex\u00e9cutif et de l&#8217;\u00e9quipe de n\u00e9gociation<\/li>\n<\/ol>\n<\/div>\n<div>\n<p><strong>Postes de la section locale 76000 ouverts \u00e0 l\u2019\u00e9lection \u00a0<\/strong><\/p>\n<\/div>\n<div>\n<p>Nous incitons tous nos membres \u00e0 poser leur candidature pour l&#8217;un des 16 postes \u00e9num\u00e9r\u00e9s ci-dessous. Nous encourageons et avons besoin de divers points de vue et comp\u00e9tences, ainsi que de votre engagement pour aller de l&#8217;avant.<\/p>\n<\/div>\n<div>\n<ul>\n<li><a href=\"https:\/\/local76000.ca\/fr\/executive-team\/candidate-profile-vice-president\/\">Vice-pr\u00e9sident(e)<\/a><\/li>\n<li><a href=\"http:\/\/local76000.ca\/fr\/executive-team\/candidate-profile-vice-president-regional-offices\/\">Vice-pr\u00e9sident(e), bureaux r\u00e9gionaux<\/a><\/li>\n<li><a href=\"http:\/\/local76000.ca\/fr\/executive-team\/candidate-profile-chief-steward\/\">D\u00e9l\u00e9gu\u00e9(e) en chef<\/a><\/li>\n<li><a href=\"http:\/\/local76000.ca\/fr\/executive-team\/candidate-profile-health-and-safety-officer\/\">Repr\u00e9sentant(e) en sant\u00e9 et s\u00e9curit\u00e9<\/a><\/li>\n<li><a href=\"https:\/\/local76000.ca\/fr\/executive-team\/candidate-profile-communications-officer\/\">Agent(e) aux communications<\/a><\/li>\n<\/ul>\n<\/div>\n<div>\n<p><em><a href=\"http:\/\/local76000.ca\/fr\/executive-team\/candidate-profile-regional-shop-steward\/\">D\u00e9l\u00e9gu\u00e9s dans les bureaux r\u00e9gionaux<\/a>:\u00a0<\/em><\/p>\n<\/div>\n<div>\n<ul>\n<li>D\u00e9l\u00e9gu\u00e9(e), BRALC<\/li>\n<li>D\u00e9l\u00e9gu\u00e9(e), BRA<\/li>\n<li>D\u00e9l\u00e9gu\u00e9(e), BREMO<\/li>\n<li>D\u00e9l\u00e9gu\u00e9(e), BRACO<\/li>\n<li>D\u00e9l\u00e9gu\u00e9(e), BRAFO<\/li>\n<\/ul>\n<\/div>\n<div>\n<p><em><a href=\"http:\/\/local76000.ca\/fr\/negotiating-team\/candidate-profile-bargaining-representive\/\">\u00c9quipe de n\u00e9gociation<\/a> de la prochaine convention collective:\u00a0<\/em><\/p>\n<\/div>\n<div>\n<ul>\n<li>3 membres (personnel d\u2019Ottawa pour des raisons logistiques)<\/li>\n<li>3 membres substituts (personnel d\u2019Ottawa pour des raisons logistiques)<\/li>\n<\/ul>\n<\/div>\n<div>\n<p><strong>Proc\u00e9dures de vote\u00a0<\/strong><\/p>\n<\/div>\n<div>\n<p>Seuls les membres en r\u00e8gle auront le droit\u00a0d&#8217;\u00e9lire les candidats \u00e0 l\u2019ex\u00e9cutif. Vous \u00eates consid\u00e9r\u00e9 comme un membre en r\u00e8gle si vous avez sign\u00e9 une carte de membre (blanche). Si vous ne l&#8217;avez pas encore fait, s&#8217;il vous pla\u00eet communiquez avec un de nos membres du comit\u00e9 de direction de la section locale avant l&#8217;assembl\u00e9e et ils vous enverront.<\/p>\n<\/div>\n<div>\n<p>Un vote \u00e9lectronique sera disponible. Plus d&#8217;informations seront fournies pour le vote \u00e9lectronique dans un prochain courriel.<\/p>\n<p><strong>RSVP pour l&#8217;Assembl\u00e9e g\u00e9n\u00e9rale annuelle\u00a0<\/strong><\/p>\n<\/div>\n<div>\n<p><em>S&#8217;il vous pla\u00eet, envoyez un courriel \u00e0 <a href=\"mailto:contact@local76000.ca\" target=\"_blank\" rel=\"noreferrer noopener\" data-auth=\"NotApplicable\">contact@local76000.ca<\/a> avant le 19 novembre 2020<\/em> pour confirmer votre pr\u00e9sence.<br \/>\nNous avons besoin de votre soutien. Rejoignez-nous \u00e0 l&#8217;AGA et votez!<\/p>\n<p>&#8211; Sean Burns, au nom du comit\u00e9 ex\u00e9cutif, section locale 76000 A.F.P.C.<\/p>\n<\/div>\n","protected":false},"excerpt":{"rendered":"<p>Date:\u00a026 novembre 2020 Heure: 9 h 30 Lieu: Internet (un lien sera envoy\u00e9) Le personnel du CRDI affili\u00e9 \u00e0 l&#8217;Alliance de la Fonction publique du Canada (AFPC) est convi\u00e9 \u00e0 une Assembl\u00e9e g\u00e9n\u00e9rale annuelle (AGA) de la section locale\u00a076000. Ordre du jour propos\u00e9\u00a0 Approbation du proc\u00e8s-verbal de l&#8217;Assembl\u00e9e g\u00e9n\u00e9rale du 7 mars 2019 Pr\u00e9sentation du &hellip; <a href=\"https:\/\/local76000.ca\/fr\/announcement-of-the-2020-annual-general-meeting-with-election-of-executive-positions\/\" class=\"more-link\">Continue reading<span class=\"screen-reader-text\"> &#8220;Avis concernant l\u2019Assembl\u00e9e g\u00e9n\u00e9rale annuelle 2020 et les \u00e9lections des postes de l\u2019ex\u00e9cutif&#8221;<\/span><\/a><\/p>\n","protected":false},"author":1,"featured_media":0,"parent":0,"menu_order":0,"comment_status":"closed","ping_status":"closed","template":"","meta":{"pagelayer_contact_templates":[],"_pagelayer_content":"","footnotes":""},"class_list":["post-810","page","type-page","status-publish","hentry"],"translation":{"provider":"WPGlobus","version":"3.0.2","language":"fr","enabled_languages":["en","fr"],"languages":{"en":{"title":true,"content":true,"excerpt":false},"fr":{"title":true,"content":true,"excerpt":false}}},"_links":{"self":[{"href":"https:\/\/local76000.ca\/fr\/wp-json\/wp\/v2\/pages\/810","targetHints":{"allow":["GET"]}}],"collection":[{"href":"https:\/\/local76000.ca\/fr\/wp-json\/wp\/v2\/pages"}],"about":[{"href":"https:\/\/local76000.ca\/fr\/wp-json\/wp\/v2\/types\/page"}],"author":[{"embeddable":true,"href":"https:\/\/local76000.ca\/fr\/wp-json\/wp\/v2\/users\/1"}],"replies":[{"embeddable":true,"href":"https:\/\/local76000.ca\/fr\/wp-json\/wp\/v2\/comments?post=810"}],"version-history":[{"count":19,"href":"https:\/\/local76000.ca\/fr\/wp-json\/wp\/v2\/pages\/810\/revisions"}],"predecessor-version":[{"id":932,"href":"https:\/\/local76000.ca\/fr\/wp-json\/wp\/v2\/pages\/810\/revisions\/932"}],"wp:attachment":[{"href":"https:\/\/local76000.ca\/fr\/wp-json\/wp\/v2\/media?parent=810"}],"curies":[{"name":"wp","href":"https:\/\/api.w.org\/{rel}","templated":true}]}}

Avis concernant l’Assemblée générale annuelle 2020 et les élections des postes de l’exécutif

<div>
<p><strong>Date:</strong> 26 novembre 2020 <strong>Heure:</strong> 9 h 30 <strong>Lieu:</strong> Internet (un lien sera envoyé)</p>
</div>
<div>
<p>Le personnel du CRDI affilié à l&#8217;Alliance de la Fonction publique du Canada (AFPC) est convié à une Assemblée générale annuelle (AGA) de la section locale 76000.</p>
</div>
<div>
<p><strong>Ordre du jour proposé </strong></p>
</div>
<div>
<ol>
<li>Approbation du <a href="http://local76000.ca/wp-content/uploads/2020/11/AGM-2019-minutes_FR.pdf">procès-verbal de l&#8217;Assemblée générale du 7 mars 2019</a></li>
<li>Présentation du <a href="http://local76000.ca/wp-content/uploads/2020/11/LOCAL-76000-Annual-Financial-Report-2020-2021.pdf">rapport financier</a> et du <a href="http://local76000.ca/wp-content/uploads/2020/11/REPORT_DCL76000-2019_2020-Annual_FR.pdf">rapport de l’exécutif</a> à l&#8217;approbation des membres</li>
<li>Vote des membres sur <a href="http://local76000.ca/wp-content/uploads/2020/11/MotionsForAGM2020.pdf">les motions</a></li>
<li>Élection de postes ouverts de l’exécutif et de l&#8217;équipe de négociation</li>
</ol>
</div>
<div>
<p><strong>Postes de la section locale 76000 ouverts à l’élection  </strong></p>
</div>
<div>
<p>Nous incitons tous nos membres à poser leur candidature pour l&#8217;un des 16 postes énumérés ci-dessous. Nous encourageons et avons besoin de divers points de vue et compétences, ainsi que de votre engagement pour aller de l&#8217;avant.</p>
</div>
<div>
<ul>
<li><a href="https://local76000.ca/fr/executive-team/candidate-profile-vice-president/">Vice-président(e)</a></li>
<li><a href="http://local76000.ca/fr/executive-team/candidate-profile-vice-president-regional-offices/">Vice-président(e), bureaux régionaux</a></li>
<li><a href="http://local76000.ca/fr/executive-team/candidate-profile-chief-steward/">Délégué(e) en chef</a></li>
<li><a href="http://local76000.ca/fr/executive-team/candidate-profile-health-and-safety-officer/">Représentant(e) en santé et sécurité</a></li>
<li><a href="https://local76000.ca/fr/executive-team/candidate-profile-communications-officer/">Agent(e) aux communications</a></li>
</ul>
</div>
<div>
<p><em><a href="http://local76000.ca/fr/executive-team/candidate-profile-regional-shop-steward/">Délégués dans les bureaux régionaux</a>: </em></p>
</div>
<div>
<ul>
<li>Délégué(e), BRALC</li>
<li>Délégué(e), BRA</li>
<li>Délégué(e), BREMO</li>
<li>Délégué(e), BRACO</li>
<li>Délégué(e), BRAFO</li>
</ul>
</div>
<div>
<p><em><a href="http://local76000.ca/fr/negotiating-team/candidate-profile-bargaining-representive/">Équipe de négociation</a> de la prochaine convention collective: </em></p>
</div>
<div>
<ul>
<li>3 membres (personnel d’Ottawa pour des raisons logistiques)</li>
<li>3 membres substituts (personnel d’Ottawa pour des raisons logistiques)</li>
</ul>
</div>
<div>
<p><strong>Procédures de vote </strong></p>
</div>
<div>
<p>Seuls les membres en règle auront le droit d&#8217;élire les candidats à l’exécutif. Vous êtes considéré comme un membre en règle si vous avez signé une carte de membre (blanche). Si vous ne l&#8217;avez pas encore fait, s&#8217;il vous plaît communiquez avec un de nos membres du comité de direction de la section locale avant l&#8217;assemblée et ils vous enverront.</p>
</div>
<div>
<p>Un vote électronique sera disponible. Plus d&#8217;informations seront fournies pour le vote électronique dans un prochain courriel.</p>
<p><strong>RSVP pour l&#8217;Assemblée générale annuelle </strong></p>
</div>
<div>
<p><em>S&#8217;il vous plaît, envoyez un courriel à <a href="mailto:contact@local76000.ca" target="_blank" rel="noreferrer noopener" data-auth="NotApplicable">contact@local76000.ca</a> avant le 19 novembre 2020</em> pour confirmer votre présence.<br />
Nous avons besoin de votre soutien. Rejoignez-nous à l&#8217;AGA et votez!</p>
<p>&#8211; Sean Burns, au nom du comité exécutif, section locale 76000 A.F.P.C.</p>
</div>

<p>Date: 26 novembre 2020 Heure: 9 h 30 Lieu: Internet (un lien sera envoyé) Le personnel du CRDI affilié à l&#8217;Alliance de la Fonction publique du Canada (AFPC) est convié à une Assemblée générale annuelle (AGA) de la section locale 76000. Ordre du jour proposé  Approbation du procès-verbal de l&#8217;Assemblée générale du 7 mars 2019 Présentation du &hellip; <a href="https://local76000.ca/fr/announcement-of-the-2020-annual-general-meeting-with-election-of-executive-positions/" class="more-link">Continue reading<span class="screen-reader-text"> &#8220;Avis concernant l’Assemblée générale annuelle 2020 et les élections des postes de l’exécutif&#8221;</span></a></p>
